{"id":27,"date":"2014-05-11T19:47:59","date_gmt":"2014-05-11T19:47:59","guid":{"rendered":"http:\/\/bet-reel.fr\/?page_id=27"},"modified":"2014-10-19T10:00:44","modified_gmt":"2014-10-19T10:00:44","slug":"courant-faible","status":"publish","type":"page","link":"https:\/\/bet-reel.fr\/?page_id=27","title":{"rendered":"COURANTS FAIBLES"},"content":{"rendered":"<p><strong><span style=\"text-decoration: underline; color: #ff9900;\">\u00c9LECTRICIT\u00c9 COURANTS FAIBLES (Liste non exhaustive) :<\/span><br \/>\n<\/strong><\/p>\n<ul>\n<li>Le Raccordement au r\u00e9seau de T\u00e9l\u00e9phonie \/ Fibre Optique ;<\/li>\n<li>La distribution de la Fibre Optique ;<\/li>\n<li>L\u2019autocommutateur ;<\/li>\n<li>La(les) Baie(s) T\u00e9l\u00e9phonique\/Informatique ;<\/li>\n<li>Le r\u00e9seau VDI et les prises RJ45 ;<\/li>\n<li>La Diffusion de la T\u00e9l\u00e9vision TNT et\/ou Satellite (R\u00e9ception \/ Distribution \/ Prises terminales) ;<\/li>\n<li>L\u2019Interphonie \/ La Vid\u00e9ophonie ;<\/li>\n<li>L\u2019alarme Anti-Intrusion ;<\/li>\n<li>Les Alarmes Techniques ;<\/li>\n<li>L\u2019\u00c9quipement d\u2019Alarme Incendie \/ Le Syst\u00e8me de S\u00e9curit\u00e9 Incendie ;<\/li>\n<li>Le syst\u00e8me d\u2019Appel Malade ;<\/li>\n<li>La Sonorisation ;<\/li>\n<li>La vid\u00e9o-surveillance ;<\/li>\n<li>La GTB (Gestion Technique du B\u00e2timent) ;<\/li>\n<li>Les Optimiseurs d\u2019\u00c9nergie.<\/li>\n<\/ul>\n","protected":false},"excerpt":{"rendered":"<p>\u00c9LECTRICIT\u00c9 COURANTS FAIBLES (Liste non exhaustive) : Le Raccordement au r\u00e9seau de T\u00e9l\u00e9phonie \/ Fibre Optique ; La distribution de la Fibre Optique ; L\u2019autocommutateur ; La(les) Baie(s) T\u00e9l\u00e9phonique\/Informatique ; Le r\u00e9seau VDI et les prises RJ45 ; La Diffusion de la T\u00e9l\u00e9vision TNT et\/ou Satellite (R\u00e9ception \/ Distribution \/ Prises terminales) ; L\u2019Interphonie \/ [&hellip;]<\/p>\n","protected":false},"author":1,"featured_media":0,"parent":0,"menu_order":0,"comment_status":"closed","ping_status":"closed","template":"","meta":{"footnotes":""},"class_list":["post-27","page","type-page","status-publish","hentry"],"_links":{"self":[{"href":"https:\/\/bet-reel.fr\/index.php?rest_route=\/wp\/v2\/pages\/27","targetHints":{"allow":["GET"]}}],"collection":[{"href":"https:\/\/bet-reel.fr\/index.php?rest_route=\/wp\/v2\/pages"}],"about":[{"href":"https:\/\/bet-reel.fr\/index.php?rest_route=\/wp\/v2\/types\/page"}],"author":[{"embeddable":true,"href":"https:\/\/bet-reel.fr\/index.php?rest_route=\/wp\/v2\/users\/1"}],"replies":[{"embeddable":true,"href":"https:\/\/bet-reel.fr\/index.php?rest_route=%2Fwp%2Fv2%2Fcomments&post=27"}],"version-history":[{"count":3,"href":"https:\/\/bet-reel.fr\/index.php?rest_route=\/wp\/v2\/pages\/27\/revisions"}],"predecessor-version":[{"id":420,"href":"https:\/\/bet-reel.fr\/index.php?rest_route=\/wp\/v2\/pages\/27\/revisions\/420"}],"wp:attachment":[{"href":"https:\/\/bet-reel.fr\/index.php?rest_route=%2Fwp%2Fv2%2Fmedia&parent=27"}],"curies":[{"name":"wp","href":"https:\/\/api.w.org\/{rel}","templated":true}]}}