{"id":464,"date":"2015-02-26T14:15:10","date_gmt":"2015-02-26T14:15:10","guid":{"rendered":"http:\/\/bet-reel.fr\/?page_id=464"},"modified":"2018-04-12T14:49:31","modified_gmt":"2018-04-12T14:49:31","slug":"erp-speciaux-iop","status":"publish","type":"page","link":"https:\/\/bet-reel.fr\/?page_id=464","title":{"rendered":"ERP SP\u00c9CIAUX &#038; IOP"},"content":{"rendered":"<hr \/>\n<hr \/>\n<p><strong><span style=\"text-decoration: underline; color: #f29400;\">\u00c9TUDES <span style=\"color: #f29400; text-decoration: underline;\">DE MAITRISE D\u2019\u0152UVRE\u00a0 (<span style=\"color: #f29400;\">EN IND\u00c9PENDANT : BET REEL<\/span>)<\/span><\/span><\/strong><\/p>\n<hr \/>\n<p><strong>R\u00e9habilitation de la plage Saint-Vincent, \u00e0 Collioure (66)<\/strong><\/p>\n<p><strong>Cr\u00e9ation de sanitaires publics, d\u2019un poste de secours et de vestiaires<\/strong><\/p>\n<p style=\"text-align: justify;\">\u00a0\u00a0\u00a0\u00a0\u00a0\u00a0\u00a0\u00a0\u00a0\u00a0\u00a0 <span style=\"text-decoration: underline;\">Classement :<\/span> IOP, ERT et ERP 5\u00e8me<strong><img loading=\"lazy\" decoding=\"async\" class=\"alignright wp-image-504 size-medium\" src=\"https:\/\/bet-reel.fr\/wp-content\/uploads\/2015\/02\/Collioure-Plage-Saint-Vincent-1-300x143.png\" alt=\"Collioure Plage Saint Vincent 1\" width=\"300\" height=\"143\" srcset=\"https:\/\/bet-reel.fr\/wp-content\/uploads\/2015\/02\/Collioure-Plage-Saint-Vincent-1-300x143.png 300w, https:\/\/bet-reel.fr\/wp-content\/uploads\/2015\/02\/Collioure-Plage-Saint-Vincent-1.png 504w\" sizes=\"auto, (max-width: 300px) 100vw, 300px\" \/><\/strong><\/p>\n<p style=\"text-align: justify;\">\u00a0\u00a0\u00a0\u00a0\u00a0\u00a0\u00a0\u00a0\u00a0\u00a0\u00a0 <span style=\"text-decoration: underline;\">Ma\u00eetre d&rsquo;ouvrage\u00a0:<\/span><\/p>\n<p style=\"text-align: justify;\">\u00a0\u00a0\u00a0\u00a0\u00a0\u00a0\u00a0\u00a0\u00a0\u00a0\u00a0 Commune de Collioure (66)<\/p>\n<p style=\"text-align: justify;\">\u00a0\u00a0\u00a0\u00a0\u00a0\u00a0\u00a0\u00a0\u00a0\u00a0\u00a0 <span style=\"text-decoration: underline;\">Architecte :<\/span><\/p>\n<p style=\"text-align: justify;\">\u00a0\u00a0\u00a0\u00a0\u00a0\u00a0\u00a0\u00a0\u00a0\u00a0\u00a0 Karine Mendiboure, Atelier au Carr\u00e9<\/p>\n<p style=\"text-align: justify;\">\u00a0\u00a0\u00a0\u00a0\u00a0\u00a0\u00a0\u00a0\u00a0\u00a0\u00a0 <span style=\"text-decoration: underline;\">Ann\u00e9e\u00a0:<\/span> DCE f\u00e9vrier 2015,<img loading=\"lazy\" decoding=\"async\" class=\"alignright size-medium wp-image-549\" src=\"https:\/\/bet-reel.fr\/wp-content\/uploads\/2015\/02\/Collioure-Plage-St-Vincent-300x225.jpg\" alt=\"Collioure Plage St Vincent\" width=\"300\" height=\"225\" srcset=\"https:\/\/bet-reel.fr\/wp-content\/uploads\/2015\/02\/Collioure-Plage-St-Vincent-300x225.jpg 300w, https:\/\/bet-reel.fr\/wp-content\/uploads\/2015\/02\/Collioure-Plage-St-Vincent-1024x768.jpg 1024w\" sizes=\"auto, (max-width: 300px) 100vw, 300px\" \/><\/p>\n<p style=\"text-align: justify;\">\u00a0\u00a0\u00a0\u00a0\u00a0\u00a0\u00a0\u00a0\u00a0\u00a0\u00a0 d\u00e9marrage travaux mars 2015,<\/p>\n<p style=\"text-align: justify;\">\u00a0\u00a0\u00a0\u00a0\u00a0\u00a0\u00a0\u00a0\u00a0\u00a0\u00a0 r\u00e9ception travaux mai 2015<\/p>\n<p style=\"text-align: justify;\">\u00a0\u00a0\u00a0\u00a0\u00a0\u00a0\u00a0\u00a0\u00a0\u00a0\u00a0 <span style=\"text-decoration: underline;\">Mission du BET ELECTRICITE :<\/span><\/p>\n<p style=\"text-align: justify;\">\u00a0\u00a0\u00a0\u00a0\u00a0\u00a0\u00a0\u00a0\u00a0\u00a0\u00a0 Loi MOP avec VISA<\/p>\n<p style=\"text-align: justify;\">\u00a0\u00a0\u00a0\u00a0\u00a0\u00a0\u00a0\u00a0\u00a0\u00a0\u00a0 <span style=\"text-decoration: underline;\">Montant des Travaux du Lot \u00e9lectricit\u00e9 :<\/span><\/p>\n<p style=\"text-align: justify;\">\u00a0\u00a0\u00a0\u00a0\u00a0\u00a0\u00a0\u00a0\u00a0\u00a0\u00a0 16 000 \u20acH.T.<\/p>\n<p>\u00a0\u00a0\u00a0\u00a0\u00a0\u00a0\u00a0\u00a0\u00a0\u00a0\u00a0 <span style=\"text-decoration: underline;\">Montant estimatif Tous Corps d\u2019Etat :<\/span> 130 000 \u20ac H.T.<\/p>\n<hr \/>\n<p><strong>R\u00e9habilitation d\u2019un b\u00e2timent en site isol\u00e9 \u00e0 Mosset (66)<img loading=\"lazy\" decoding=\"async\" class=\"alignright size-medium wp-image-697\" src=\"https:\/\/bet-reel.fr\/wp-content\/uploads\/2018\/04\/Cobazet-300x225.jpg\" alt=\"\" width=\"300\" height=\"225\" srcset=\"https:\/\/bet-reel.fr\/wp-content\/uploads\/2018\/04\/Cobazet-300x225.jpg 300w, https:\/\/bet-reel.fr\/wp-content\/uploads\/2018\/04\/Cobazet-768x576.jpg 768w, https:\/\/bet-reel.fr\/wp-content\/uploads\/2018\/04\/Cobazet-1024x768.jpg 1024w\" sizes=\"auto, (max-width: 300px) 100vw, 300px\" \/><\/strong><\/p>\n<p>Ma\u00eetre d&rsquo;Ouvrage\u00a0:<\/p>\n<p>Groupement Forestier de Cobazet chez Groupama M\u00e9diterran\u00e9e<\/p>\n<p>Mission du BET ELECTRICITE\u00a0:<\/p>\n<p>Mission priv\u00e9e compl\u00e8te avec suivi et r\u00e9ception du chantier<\/p>\n<p>Ann\u00e9e\u00a0:<\/p>\n<p>\u00e9tudes 2017, travaux en cours 2018<\/p>\n<hr \/>\n<p><strong>R\u00e9novation et Agrandissement du Refuge Sant-Guillem (66)<img loading=\"lazy\" decoding=\"async\" class=\"alignright wp-image-498\" src=\"https:\/\/bet-reel.fr\/wp-content\/uploads\/2014\/05\/REFUGE-SANT-GUILLEM-150x150.png\" alt=\"REFUGE SANT GUILLEM\" width=\"247\" height=\"247\" \/><\/strong><\/p>\n<p style=\"text-align: justify;\">\u00a0\u00a0\u00a0\u00a0\u00a0\u00a0\u00a0\u00a0\u00a0\u00a0\u00a0 <span style=\"text-decoration: underline;\">Classement :<\/span> type REF (ERP du 1er groupe),<\/p>\n<p style=\"text-align: justify;\">\u00a0\u00a0\u00a0\u00a0\u00a0\u00a0\u00a0\u00a0\u00a0\u00a0\u00a0 <span style=\"text-decoration: underline;\">Ma\u00eetre d&rsquo;ouvrage\u00a0:<\/span> Communaut\u00e9 de communes du Haut-Vallespir,<\/p>\n<p style=\"text-align: justify;\">\u00a0\u00a0\u00a0\u00a0\u00a0\u00a0\u00a0\u00a0\u00a0\u00a0\u00a0 <span style=\"text-decoration: underline;\">Architectes :<\/span> Manuel Grau et Marc-Philippe Quitard,<\/p>\n<p style=\"text-align: justify;\">\u00a0\u00a0\u00a0\u00a0\u00a0\u00a0\u00a0\u00a0\u00a0\u00a0\u00a0 <span style=\"text-decoration: underline;\">Ann\u00e9e\u00a0:<\/span> DCE juin 2014,<\/p>\n<p style=\"text-align: justify;\">\u00a0\u00a0\u00a0\u00a0\u00a0\u00a0\u00a0\u00a0\u00a0\u00a0\u00a0 d\u00e9marrage travaux ao\u00fbt 2014, r\u00e9ception juillet 2015<\/p>\n<p style=\"text-align: justify;\">\u00a0\u00a0\u00a0\u00a0\u00a0\u00a0\u00a0\u00a0\u00a0\u00a0\u00a0 <span style=\"text-decoration: underline;\">Mission du BET ELECTRICITE :<\/span> Loi MOP avec VISA<\/p>\n<p style=\"text-align: justify;\">\u00a0\u00a0\u00a0\u00a0\u00a0\u00a0\u00a0\u00a0\u00a0\u00a0\u00a0 <span style=\"text-decoration: underline;\">En sous-traitance pour le Bureau d\u2019\u00e9tudes CAPSUN \u00e0 Perpignan (66)<\/span><\/p>\n<p style=\"text-align: justify;\">\u00a0\u00a0\u00a0\u00a0\u00a0\u00a0\u00a0\u00a0\u00a0\u00a0\u00a0 <span style=\"text-decoration: underline;\">Montant des Travaux du Lot \u00e9lectricit\u00e9 :\u00a0<\/span> 40 300 \u20acH.T.<\/p>\n<p>\u00a0\u00a0\u00a0\u00a0\u00a0\u00a0\u00a0\u00a0\u00a0\u00a0\u00a0 <span style=\"text-decoration: underline;\">Montant Tous Corps d\u2019Etat :<\/span> 750 000 \u20ac H.T.<\/p>\n<hr \/>\n<hr \/>\n","protected":false},"excerpt":{"rendered":"<p>\u00c9TUDES DE MAITRISE D\u2019\u0152UVRE\u00a0 (EN IND\u00c9PENDANT : BET REEL) R\u00e9habilitation de la plage Saint-Vincent, \u00e0 Collioure (66) Cr\u00e9ation de sanitaires publics, d\u2019un poste de secours et de vestiaires \u00a0\u00a0\u00a0\u00a0\u00a0\u00a0\u00a0\u00a0\u00a0\u00a0\u00a0 Classement : IOP, ERT et ERP 5\u00e8me \u00a0\u00a0\u00a0\u00a0\u00a0\u00a0\u00a0\u00a0\u00a0\u00a0\u00a0 Ma\u00eetre d&rsquo;ouvrage\u00a0: \u00a0\u00a0\u00a0\u00a0\u00a0\u00a0\u00a0\u00a0\u00a0\u00a0\u00a0 Commune de Collioure (66) \u00a0\u00a0\u00a0\u00a0\u00a0\u00a0\u00a0\u00a0\u00a0\u00a0\u00a0 Architecte : \u00a0\u00a0\u00a0\u00a0\u00a0\u00a0\u00a0\u00a0\u00a0\u00a0\u00a0 Karine Mendiboure, Atelier au Carr\u00e9 \u00a0\u00a0\u00a0\u00a0\u00a0\u00a0\u00a0\u00a0\u00a0\u00a0\u00a0 Ann\u00e9e\u00a0: [&hellip;]<\/p>\n","protected":false},"author":1,"featured_media":0,"parent":0,"menu_order":0,"comment_status":"closed","ping_status":"closed","template":"","meta":{"footnotes":""},"class_list":["post-464","page","type-page","status-publish","hentry"],"_links":{"self":[{"href":"https:\/\/bet-reel.fr\/index.php?rest_route=\/wp\/v2\/pages\/464","targetHints":{"allow":["GET"]}}],"collection":[{"href":"https:\/\/bet-reel.fr\/index.php?rest_route=\/wp\/v2\/pages"}],"about":[{"href":"https:\/\/bet-reel.fr\/index.php?rest_route=\/wp\/v2\/types\/page"}],"author":[{"embeddable":true,"href":"https:\/\/bet-reel.fr\/index.php?rest_route=\/wp\/v2\/users\/1"}],"replies":[{"embeddable":true,"href":"https:\/\/bet-reel.fr\/index.php?rest_route=%2Fwp%2Fv2%2Fcomments&post=464"}],"version-history":[{"count":29,"href":"https:\/\/bet-reel.fr\/index.php?rest_route=\/wp\/v2\/pages\/464\/revisions"}],"predecessor-version":[{"id":738,"href":"https:\/\/bet-reel.fr\/index.php?rest_route=\/wp\/v2\/pages\/464\/revisions\/738"}],"wp:attachment":[{"href":"https:\/\/bet-reel.fr\/index.php?rest_route=%2Fwp%2Fv2%2Fmedia&parent=464"}],"curies":[{"name":"wp","href":"https:\/\/api.w.org\/{rel}","templated":true}]}}