{"id":56,"date":"2014-05-11T21:38:54","date_gmt":"2014-05-11T21:38:54","guid":{"rendered":"http:\/\/bet-reel.fr\/?page_id=56"},"modified":"2023-11-08T18:14:01","modified_gmt":"2023-11-08T17:14:01","slug":"etablissements-scolaires-erp-type-r","status":"publish","type":"page","link":"https:\/\/bet-reel.fr\/?page_id=56","title":{"rendered":"SCOLAIRE &#8211; ERP type R"},"content":{"rendered":"<hr \/>\n<hr \/>\n<p><strong><span style=\"text-decoration: underline; color: #f29400;\">\u00c9TUDES <span style=\"color: #f29400;\">DE MAITRISE D\u2019\u0152UVRE\u00a0 (EN IND\u00c9PENDANT : BET REEL)<\/span><\/span><\/strong><\/p>\n<hr \/>\n<p><strong>Construction d\u2019un B\u00e2timent Neuf au Coll\u00e8ge de Prades (66)<img loading=\"lazy\" decoding=\"async\" class=\"alignright size-medium wp-image-703\" src=\"https:\/\/bet-reel.fr\/wp-content\/uploads\/2018\/04\/Coll\u00e8ge-G-Violet-Prades-300x135.png\" alt=\"\" width=\"300\" height=\"135\" srcset=\"https:\/\/bet-reel.fr\/wp-content\/uploads\/2018\/04\/Coll\u00e8ge-G-Violet-Prades-300x135.png 300w, https:\/\/bet-reel.fr\/wp-content\/uploads\/2018\/04\/Coll\u00e8ge-G-Violet-Prades-768x346.png 768w, https:\/\/bet-reel.fr\/wp-content\/uploads\/2018\/04\/Coll\u00e8ge-G-Violet-Prades-1024x462.png 1024w, https:\/\/bet-reel.fr\/wp-content\/uploads\/2018\/04\/Coll\u00e8ge-G-Violet-Prades.png 1036w\" sizes=\"auto, (max-width: 300px) 100vw, 300px\" \/><\/strong><\/p>\n<p>Classement : ERP de type R de 3<sup>\u00e8me<\/sup> cat\u00e9gorie<\/p>\n<p>Ma\u00eetre d&rsquo;Ouvrage\u00a0: D\u00e9partement des Pyr\u00e9n\u00e9es Orientales, (66)<\/p>\n<p>Architecte : Atelier d&rsquo;Architecture Jacques Outier<\/p>\n<p>Mission du BET ELECTRICITE\u00a0: Loi MOP compl\u00e8te avec suivi et r\u00e9ception de chantier<\/p>\n<p>Ann\u00e9e\u00a0: Obtention du concours de Ma\u00eetrise d\u2019\u0153uvre fin 2016 \/ DCE rendu d\u00e9but 2018<\/p>\n<p>Montant\u00a0estimatif des Travaux :<\/p>\n<p>Lot \u00e9lectricit\u00e9 : \u00a0 \u00a0 \u00a0 \u00a0 \u00a0 \u00a0 \u00a0 \u20acH.T.\u00a0 \/\u00a0 Tous Corps d\u2019Etat : 2,3 M\u20ac H.T.<\/p>\n<hr \/>\n<p><strong>Construction d&rsquo;un H\u00f4tel d&rsquo;incubation d&rsquo;entreprises, \u00e0 l&rsquo;UPVD de Perpignan (66)<\/strong><\/p>\n<p style=\"text-align: justify;\">\u00a0\u00a0\u00a0\u00a0\u00a0\u00a0\u00a0\u00a0\u00a0\u00a0\u00a0 <span style=\"text-decoration: underline;\">Classement :<\/span> ERP type W, L et Y, 4\u00e8me cat\u00e9gorie<img loading=\"lazy\" decoding=\"async\" class=\"alignright wp-image-566 size-medium\" src=\"https:\/\/bet-reel.fr\/wp-content\/uploads\/2014\/05\/Hotel-incubation-UPVD-300x212.jpeg\" alt=\"Hotel incubation UPVD\" width=\"300\" height=\"212\" srcset=\"https:\/\/bet-reel.fr\/wp-content\/uploads\/2014\/05\/Hotel-incubation-UPVD-300x212.jpeg 300w, https:\/\/bet-reel.fr\/wp-content\/uploads\/2014\/05\/Hotel-incubation-UPVD.jpeg 543w\" sizes=\"auto, (max-width: 300px) 100vw, 300px\" \/><\/p>\n<p style=\"text-align: justify;\">\u00a0\u00a0\u00a0\u00a0\u00a0\u00a0\u00a0\u00a0\u00a0\u00a0\u00a0 <span style=\"text-decoration: underline;\">Ma\u00eetre d&rsquo;ouvrage\u00a0:<\/span><\/p>\n<p style=\"text-align: justify;\">\u00a0\u00a0\u00a0\u00a0\u00a0\u00a0\u00a0\u00a0\u00a0\u00a0\u00a0 Universit\u00e9 de Perpignan Via Domitia (66)<\/p>\n<p style=\"text-align: justify;\">\u00a0\u00a0\u00a0 \u00a0 \u00a0\u00a0\u00a0\u00a0\u00a0 <span style=\"text-decoration: underline;\">Architecte :<\/span><\/p>\n<p style=\"text-align: justify;\">\u00a0\u00a0\u00a0 \u00a0 \u00a0\u00a0\u00a0\u00a0\u00a0 Atelier d&rsquo;Architecture Jacques Outier<\/p>\n<p style=\"text-align: justify;\">\u00a0\u00a0\u00a0\u00a0\u00a0\u00a0\u00a0\u00a0\u00a0\u00a0\u00a0 <span style=\"text-decoration: underline;\">Ann\u00e9e\u00a0:<\/span><\/p>\n<p style=\"text-align: justify;\">\u00a0\u00a0\u00a0\u00a0\u00a0\u00a0\u00a0\u00a0\u00a0\u00a0\u00a0 Obtention du concours de<\/p>\n<p style=\"text-align: justify;\">\u00a0\u00a0\u00a0\u00a0\u00a0\u00a0\u00a0\u00a0\u00a0\u00a0\u00a0 Ma\u00eetrise d\u2019\u0153uvre en juillet 2015, R\u00e9ception des travaux d\u00e9but 2018<\/p>\n<p style=\"text-align: justify;\">\u00a0\u00a0\u00a0\u00a0\u00a0\u00a0\u00a0\u00a0\u00a0\u00a0\u00a0 <span style=\"text-decoration: underline;\">Mission du BET :<\/span> Lot ELECTRICITE Courants Forts et faibles<span style=\"text-decoration: underline;\"><br \/>\n<\/span><\/p>\n<p style=\"text-align: justify;\">\u00a0\u00a0\u00a0\u00a0\u00a0\u00a0\u00a0\u00a0\u00a0\u00a0\u00a0 <span style=\"text-decoration: underline;\">Montant\u00a0estimatif des Travaux<\/span> :<\/p>\n<p style=\"text-align: justify;\">\u00a0\u00a0\u00a0\u00a0\u00a0\u00a0\u00a0\u00a0\u00a0\u00a0\u00a0 Lot \u00e9lectricit\u00e9 : \u00a0 \u00a0 \u00a0 \u00a0 \u00a0 \u00a0 \u00a0 \u20acH.T.\u00a0 \/\u00a0 Tous Corps d\u2019Etat : 1,5 M\u20ac H.T.<\/p>\n<hr \/>\n<p><strong>Construction d&rsquo;une Cantine et de salles d\u2019activit\u00e9s \u00e0 Alenya (66)<\/strong><\/p>\n<p>Classement : type N et R, 3\u00e8me cat\u00e9gorie<\/p>\n<p>Ma\u00eetre d&rsquo;ouvrage\u00a0:<\/p>\n<p>Commune d&rsquo;Alenya (66)<\/p>\n<p>Architecte : Maxime Querol, Archi2<\/p>\n<p>Ann\u00e9e\u00a0: D\u00e9marrage des travaux (f\u00e9vrier 2023)<\/p>\n<p>Mission du BET : Lot ELECTRICITE Courants Forts et faibles<\/p>\n<p>Montant des Travaux du Lot \u00e9lectricit\u00e9 :\u00a0 \u20acH.T.<\/p>\n<p>Montant estimatif Tous Corps d\u2019Etat :\u00a0 2 300 000\u20ac H.T.<\/p>\n<hr \/>\n<p><strong>Travaux d\u2019am\u00e9lioration Energ\u00e9tique du groupe scolaire, \u00e0 Villemolaque (66)<\/strong><\/p>\n<p>Classement : type R et N, 5\u00e8me cat\u00e9gorie<\/p>\n<p>Ma\u00eetre d&rsquo;ouvrage\u00a0:<\/p>\n<p>Commune de Villemolaque (66)<\/p>\n<p>Ann\u00e9e : 2021<\/p>\n<p>Mission du BET : Lot ELECTRICITE Courants Forts et faibles<\/p>\n<p>Montant estimatif Tous Corps d\u2019Etat :\u00a0 290 000\u20ac H.T.<\/p>\n<hr \/>\n<p><strong>Construction d&rsquo;un Espace Scolaire \u00e0 OMS (66)<img loading=\"lazy\" decoding=\"async\" class=\"alignright size-thumbnail wp-image-711\" src=\"https:\/\/bet-reel.fr\/wp-content\/uploads\/2018\/04\/OMS-150x150.png\" alt=\"\" width=\"150\" height=\"150\" \/><\/strong><\/p>\n<p>Classement\u00a0: type R<\/p>\n<p>Ma\u00eetre d&rsquo;Ouvrage\u00a0: Commune de Oms<\/p>\n<p>Mission du BET ELECTRICITE\u00a0: Loi MOP compl\u00e8te<\/p>\n<p>Ann\u00e9e\u00a0: DCE rendu en 2018,<\/p>\n<hr \/>\n<hr \/>\n","protected":false},"excerpt":{"rendered":"<p>\u00c9TUDES DE MAITRISE D\u2019\u0152UVRE\u00a0 (EN IND\u00c9PENDANT : BET REEL) Construction d\u2019un B\u00e2timent Neuf au Coll\u00e8ge de Prades (66) Classement : ERP de type R de 3\u00e8me cat\u00e9gorie Ma\u00eetre d&rsquo;Ouvrage\u00a0: D\u00e9partement des Pyr\u00e9n\u00e9es Orientales, (66) Architecte : Atelier d&rsquo;Architecture Jacques Outier Mission du BET ELECTRICITE\u00a0: Loi MOP compl\u00e8te avec suivi et r\u00e9ception de chantier Ann\u00e9e\u00a0: Obtention [&hellip;]<\/p>\n","protected":false},"author":1,"featured_media":0,"parent":0,"menu_order":0,"comment_status":"closed","ping_status":"closed","template":"","meta":{"footnotes":""},"class_list":["post-56","page","type-page","status-publish","hentry"],"_links":{"self":[{"href":"https:\/\/bet-reel.fr\/index.php?rest_route=\/wp\/v2\/pages\/56","targetHints":{"allow":["GET"]}}],"collection":[{"href":"https:\/\/bet-reel.fr\/index.php?rest_route=\/wp\/v2\/pages"}],"about":[{"href":"https:\/\/bet-reel.fr\/index.php?rest_route=\/wp\/v2\/types\/page"}],"author":[{"embeddable":true,"href":"https:\/\/bet-reel.fr\/index.php?rest_route=\/wp\/v2\/users\/1"}],"replies":[{"embeddable":true,"href":"https:\/\/bet-reel.fr\/index.php?rest_route=%2Fwp%2Fv2%2Fcomments&post=56"}],"version-history":[{"count":38,"href":"https:\/\/bet-reel.fr\/index.php?rest_route=\/wp\/v2\/pages\/56\/revisions"}],"predecessor-version":[{"id":777,"href":"https:\/\/bet-reel.fr\/index.php?rest_route=\/wp\/v2\/pages\/56\/revisions\/777"}],"wp:attachment":[{"href":"https:\/\/bet-reel.fr\/index.php?rest_route=%2Fwp%2Fv2%2Fmedia&parent=56"}],"curies":[{"name":"wp","href":"https:\/\/api.w.org\/{rel}","templated":true}]}}