{"id":58,"date":"2014-05-11T21:38:54","date_gmt":"2014-05-11T21:38:54","guid":{"rendered":"http:\/\/bet-reel.fr\/?page_id=58"},"modified":"2018-04-12T14:46:59","modified_gmt":"2018-04-12T14:46:59","slug":"etablissements-sportifs-erp-type-x","status":"publish","type":"page","link":"https:\/\/bet-reel.fr\/?page_id=58","title":{"rendered":"SPORTS &#8211; ERP type X"},"content":{"rendered":"<hr \/>\n<hr \/>\n<p><strong><span style=\"text-decoration: underline; color: #f29400;\">\u00c9TUDES D&rsquo;EXECUTION\u00a0 (EN IND\u00c9PENDANT : BET REEL)<\/span><\/strong><\/p>\n<hr \/>\n<p><strong>R\u00e9alisation d\u2019un Fitness Park, \u00e0 Perpignan Ch\u00e2teau Roussillon (66)<\/strong><\/p>\n<p>Classement : type X, 1<sup>\u00e8re<\/sup> cat\u00e9gorie<\/p>\n<p>Ma\u00eetre d&rsquo;Ouvrage\u00a0: LEA FITNESS<\/p>\n<p>Mission du BET ELECTRICITE\u00a0: Mission d\u2019EXE<\/p>\n<p>Prestation\u00a0: R\u00e9alisation des sch\u00e9mas et notes de calcul<\/p>\n<p style=\"text-align: justify;\">Ann\u00e9e\u00a0: 2018<\/p>\n<hr \/>\n<hr \/>\n","protected":false},"excerpt":{"rendered":"<p>\u00c9TUDES D&rsquo;EXECUTION\u00a0 (EN IND\u00c9PENDANT : BET REEL) R\u00e9alisation d\u2019un Fitness Park, \u00e0 Perpignan Ch\u00e2teau Roussillon (66) Classement : type X, 1\u00e8re cat\u00e9gorie Ma\u00eetre d&rsquo;Ouvrage\u00a0: LEA FITNESS Mission du BET ELECTRICITE\u00a0: Mission d\u2019EXE Prestation\u00a0: R\u00e9alisation des sch\u00e9mas et notes de calcul Ann\u00e9e\u00a0: 2018<\/p>\n","protected":false},"author":1,"featured_media":0,"parent":0,"menu_order":0,"comment_status":"closed","ping_status":"closed","template":"","meta":{"footnotes":""},"class_list":["post-58","page","type-page","status-publish","hentry"],"_links":{"self":[{"href":"https:\/\/bet-reel.fr\/index.php?rest_route=\/wp\/v2\/pages\/58","targetHints":{"allow":["GET"]}}],"collection":[{"href":"https:\/\/bet-reel.fr\/index.php?rest_route=\/wp\/v2\/pages"}],"about":[{"href":"https:\/\/bet-reel.fr\/index.php?rest_route=\/wp\/v2\/types\/page"}],"author":[{"embeddable":true,"href":"https:\/\/bet-reel.fr\/index.php?rest_route=\/wp\/v2\/users\/1"}],"replies":[{"embeddable":true,"href":"https:\/\/bet-reel.fr\/index.php?rest_route=%2Fwp%2Fv2%2Fcomments&post=58"}],"version-history":[{"count":28,"href":"https:\/\/bet-reel.fr\/index.php?rest_route=\/wp\/v2\/pages\/58\/revisions"}],"predecessor-version":[{"id":734,"href":"https:\/\/bet-reel.fr\/index.php?rest_route=\/wp\/v2\/pages\/58\/revisions\/734"}],"wp:attachment":[{"href":"https:\/\/bet-reel.fr\/index.php?rest_route=%2Fwp%2Fv2%2Fmedia&parent=58"}],"curies":[{"name":"wp","href":"https:\/\/api.w.org\/{rel}","templated":true}]}}