{"id":65,"date":"2014-05-11T21:38:54","date_gmt":"2014-05-11T21:38:54","guid":{"rendered":"http:\/\/bet-reel.fr\/?page_id=65"},"modified":"2023-11-08T18:50:30","modified_gmt":"2023-11-08T17:50:30","slug":"etablissements-de-type-magasins-erp-type-m","status":"publish","type":"page","link":"https:\/\/bet-reel.fr\/?page_id=65","title":{"rendered":"MAGASINS &#8211; ERP type M"},"content":{"rendered":"<hr \/>\n<hr \/>\n<p><strong><span style=\"text-decoration: underline; color: #f29400;\">\u00c9TUDES DE MAITRISE D\u2019\u0152UVRE\u00a0 (EN IND\u00c9PENDANT : BET REEL)<\/span><\/strong><\/p>\n<hr \/>\n<p><strong>R\u00e9am\u00e9nagement d\u2019un b\u00e2timent sur 2 parcelles au centre-village pour cr\u00e9ation d\u2019une P\u00e2tisserie \u00ab\u00a0Gourmandise Leucate\u00a0\u00bb, d\u2019une Boutique et d\u2019un Logement, \u00e0 Leucate (11)<\/strong><\/p>\n<p>Ma\u00eetre d&rsquo;Ouvrage : SAS KAN<\/p>\n<p>Mission : BET ELECTRICITE<\/p>\n<p>Ann\u00e9e : Livr\u00e9 en 2022<\/p>\n<p>Montant des Travaux TCE :\u00a0 650 000 \u20acH.T<\/p>\n<hr \/>\n<p><strong>Magasin BIOCOOP La Plantula, \u00e0 Prades (66)<\/strong><\/p>\n<p>Ma\u00eetre d&rsquo;Ouvrage : BIOCOOP La Plantula<img loading=\"lazy\" decoding=\"async\" class=\"size-thumbnail wp-image-784 alignright\" src=\"https:\/\/bet-reel.fr\/wp-content\/uploads\/2023\/11\/Biocoop-La-Plantula-150x150.jpg\" alt=\"\" width=\"150\" height=\"150\" \/><\/p>\n<p>Mission : BET ELECTRICITE<\/p>\n<p>Ann\u00e9e : Livr\u00e9 en d\u00e9cembre 2020<\/p>\n<p>Montant des Travaux TCE :\u00a0 950 000 \u20acH.T<\/p>\n<p>&nbsp;<\/p>\n<hr \/>\n<p><strong>Construction d\u2019une Ressourcerie pour le SYDETOM \u00e0 Prades (66)<img loading=\"lazy\" decoding=\"async\" class=\"alignright size-medium wp-image-700\" src=\"https:\/\/bet-reel.fr\/wp-content\/uploads\/2018\/04\/sydetom66-300x147.png\" alt=\"\" width=\"300\" height=\"147\" srcset=\"https:\/\/bet-reel.fr\/wp-content\/uploads\/2018\/04\/sydetom66-300x147.png 300w, https:\/\/bet-reel.fr\/wp-content\/uploads\/2018\/04\/sydetom66.png 353w\" sizes=\"auto, (max-width: 300px) 100vw, 300px\" \/><\/strong><\/p>\n<p>Ma\u00eetre d&rsquo;Ouvrage\u00a0: SYDETOM<\/p>\n<p>Mission du BET ELECTRICITE\u00a0:<\/p>\n<p>Loi MOP (en sous-traitance pour le BET CAPSUN \u00e0 Perpignan)<\/p>\n<p>Ann\u00e9e\u00a0: \u00e9tudes 2017 \/ 2018,<\/p>\n<hr \/>\n<p><strong>R\u00e9novation d&rsquo;un b\u00e2timent en Bistrot de Pays et 2 logements \u00e0 OMS (66)<img loading=\"lazy\" decoding=\"async\" class=\"alignright size-medium wp-image-708\" src=\"https:\/\/bet-reel.fr\/wp-content\/uploads\/2018\/04\/Bistrot-de-pays-OMS-300x225.jpg\" alt=\"\" width=\"300\" height=\"225\" srcset=\"https:\/\/bet-reel.fr\/wp-content\/uploads\/2018\/04\/Bistrot-de-pays-OMS-300x225.jpg 300w, https:\/\/bet-reel.fr\/wp-content\/uploads\/2018\/04\/Bistrot-de-pays-OMS-768x576.jpg 768w, https:\/\/bet-reel.fr\/wp-content\/uploads\/2018\/04\/Bistrot-de-pays-OMS-1024x768.jpg 1024w\" sizes=\"auto, (max-width: 300px) 100vw, 300px\" \/><\/strong><\/p>\n<p>Ma\u00eetre d&rsquo;Ouvrage\u00a0:<\/p>\n<p>Communaut\u00e9 de Commune des Aspres<strong><img loading=\"lazy\" decoding=\"async\" class=\"alignright size-thumbnail wp-image-716\" src=\"https:\/\/bet-reel.fr\/wp-content\/uploads\/2018\/04\/CC-Aspres-150x150.png\" alt=\"\" width=\"150\" height=\"150\" \/><\/strong><\/p>\n<p>Mission du BET ELECTRICITE\u00a0:<\/p>\n<p>Loi MOP compl\u00e8te<\/p>\n<p>Ann\u00e9e\u00a0:<\/p>\n<p>DCE rendu en 2018,<\/p>\n<hr \/>\n<p><strong>Am\u00e9nagement d&rsquo;un magasin COLOR&rsquo;I, \u00e0 Cabestany 66)\u00a0<\/strong><img loading=\"lazy\" decoding=\"async\" class=\"alignright size-medium wp-image-612\" src=\"https:\/\/bet-reel.fr\/wp-content\/uploads\/2014\/05\/20150811_085646-e1439821657741-226x300.jpg\" alt=\"Magasin COLOR'I\" width=\"226\" height=\"300\" srcset=\"https:\/\/bet-reel.fr\/wp-content\/uploads\/2014\/05\/20150811_085646-e1439821657741-226x300.jpg 226w, https:\/\/bet-reel.fr\/wp-content\/uploads\/2014\/05\/20150811_085646-e1439821657741.jpg 300w\" sizes=\"auto, (max-width: 226px) 100vw, 226px\" \/><\/p>\n<p style=\"text-align: justify;\">\u00a0\u00a0\u00a0\u00a0\u00a0\u00a0\u00a0\u00a0\u00a0\u00a0\u00a0 <span style=\"text-decoration: underline;\">Classement\u00a0:<\/span> type M, 3\u00e8me cat\u00e9gorie,<\/p>\n<p style=\"text-align: justify;\">\u00a0\u00a0\u00a0\u00a0\u00a0\u00a0\u00a0\u00a0\u00a0\u00a0\u00a0 <span style=\"text-decoration: underline;\">Superficie :<\/span> 628m\u00b2, dont 495m\u00b2 de surface de vente<\/p>\n<p style=\"text-align: justify;\">\u00a0\u00a0\u00a0\u00a0\u00a0\u00a0\u00a0\u00a0\u00a0\u00a0\u00a0 <span style=\"text-decoration: underline;\">Ma\u00eetre d&rsquo;Ouvrage\u00a0:<\/span> SARL Couleur&rsquo;Shop<\/p>\n<p style=\"text-align: justify;\">\u00a0\u00a0\u00a0\u00a0\u00a0\u00a0\u00a0\u00a0\u00a0\u00a0\u00a0 <span style=\"text-decoration: underline;\">Architecte :<\/span> Atelier d&rsquo;Architecture Jacques Outier<\/p>\n<p style=\"text-align: justify;\">\u00a0\u00a0\u00a0\u00a0\u00a0\u00a0\u00a0\u00a0\u00a0\u00a0\u00a0 <span style=\"text-decoration: underline;\">Ann\u00e9e\u00a0:<\/span> DCE en juin 2015,<\/p>\n<p style=\"text-align: justify;\">\u00a0\u00a0\u00a0\u00a0\u00a0\u00a0\u00a0\u00a0\u00a0\u00a0\u00a0 Travaux Juillet et Ao\u00fbt 2015,<\/p>\n<p style=\"text-align: justify;\">\u00a0\u00a0\u00a0\u00a0\u00a0\u00a0\u00a0\u00a0\u00a0\u00a0\u00a0 <span style=\"text-decoration: underline;\">Mission du BET ELECTRICITE :<\/span><\/p>\n<p style=\"text-align: justify;\">\u00a0\u00a0\u00a0\u00a0\u00a0\u00a0\u00a0\u00a0\u00a0\u00a0\u00a0 Dossier de Consultation des Entreprises (DCE)<\/p>\n<p style=\"text-align: justify;\">\u00a0\u00a0\u00a0\u00a0\u00a0\u00a0\u00a0\u00a0\u00a0\u00a0\u00a0 <span style=\"text-decoration: underline;\">Montant des Travaux du Lot \u00e9lectricit\u00e9 :<\/span> 64 095 \u20acH.T.<\/p>\n<hr \/>\n<hr \/>\n<p>&nbsp;<\/p>\n","protected":false},"excerpt":{"rendered":"<p>\u00c9TUDES DE MAITRISE D\u2019\u0152UVRE\u00a0 (EN IND\u00c9PENDANT : BET REEL) R\u00e9am\u00e9nagement d\u2019un b\u00e2timent sur 2 parcelles au centre-village pour cr\u00e9ation d\u2019une P\u00e2tisserie \u00ab\u00a0Gourmandise Leucate\u00a0\u00bb, d\u2019une Boutique et d\u2019un Logement, \u00e0 Leucate (11) Ma\u00eetre d&rsquo;Ouvrage : SAS KAN Mission : BET ELECTRICITE Ann\u00e9e : Livr\u00e9 en 2022 Montant des Travaux TCE :\u00a0 650 000 \u20acH.T Magasin BIOCOOP [&hellip;]<\/p>\n","protected":false},"author":1,"featured_media":0,"parent":0,"menu_order":0,"comment_status":"closed","ping_status":"closed","template":"","meta":{"footnotes":""},"class_list":["post-65","page","type-page","status-publish","hentry"],"_links":{"self":[{"href":"https:\/\/bet-reel.fr\/index.php?rest_route=\/wp\/v2\/pages\/65","targetHints":{"allow":["GET"]}}],"collection":[{"href":"https:\/\/bet-reel.fr\/index.php?rest_route=\/wp\/v2\/pages"}],"about":[{"href":"https:\/\/bet-reel.fr\/index.php?rest_route=\/wp\/v2\/types\/page"}],"author":[{"embeddable":true,"href":"https:\/\/bet-reel.fr\/index.php?rest_route=\/wp\/v2\/users\/1"}],"replies":[{"embeddable":true,"href":"https:\/\/bet-reel.fr\/index.php?rest_route=%2Fwp%2Fv2%2Fcomments&post=65"}],"version-history":[{"count":30,"href":"https:\/\/bet-reel.fr\/index.php?rest_route=\/wp\/v2\/pages\/65\/revisions"}],"predecessor-version":[{"id":785,"href":"https:\/\/bet-reel.fr\/index.php?rest_route=\/wp\/v2\/pages\/65\/revisions\/785"}],"wp:attachment":[{"href":"https:\/\/bet-reel.fr\/index.php?rest_route=%2Fwp%2Fv2%2Fmedia&parent=65"}],"curies":[{"name":"wp","href":"https:\/\/api.w.org\/{rel}","templated":true}]}}