{"id":69,"date":"2014-05-11T21:38:54","date_gmt":"2014-05-11T21:38:54","guid":{"rendered":"http:\/\/bet-reel.fr\/?page_id=69"},"modified":"2023-11-08T18:56:00","modified_gmt":"2023-11-08T17:56:00","slug":"ert-etablissements-recevants-des-travailleurs","status":"publish","type":"page","link":"https:\/\/bet-reel.fr\/?page_id=69","title":{"rendered":"ERT : \u00c9TABLISSEMENTS RECEVANTS DES TRAVAILLEURS"},"content":{"rendered":"<hr \/>\n<hr \/>\n<p><span style=\"color: #f29400;\"><strong>\u00c9TUDES DE MAITRISE D\u2019\u0152UVRE\u00a0 (EN IND\u00c9PENDANT : BET REEL)<\/strong><\/span><\/p>\n<hr \/>\n<p><strong>Mise en s\u00e9curit\u00e9 (incendie, intrusion &amp; contr\u00f4le d\u2019acc\u00e8s) et mise en accessibilit\u00e9 PMR du site de l\u2019URSSAF \u00e0 Perpi<\/strong><img loading=\"lazy\" decoding=\"async\" class=\"alignright wp-image-690\" src=\"https:\/\/bet-reel.fr\/wp-content\/uploads\/2018\/04\/logo-urssaf.png\" alt=\"\" width=\"86\" height=\"76\" \/><strong>gnan (66)<\/strong><\/p>\n<p>Ma\u00eetre d&rsquo;Ouvrage\u00a0: URSSAF LANGUEDOC ROUSSILLON<\/p>\n<p>Mission du BET ELECTRICITE\u00a0: Loi MOP avec EXE<\/p>\n<p>Ann\u00e9e\u00a0: Ann\u00e9e\u00a0: \u00e9tudes 2017, travaux 2017, r\u00e9ception 2018<\/p>\n<hr \/>\n<p><strong>Construction d\u2019une Ressourcerie pour le SYDETOM \u00e0 Prades (66)<img loading=\"lazy\" decoding=\"async\" class=\"alignright size-medium wp-image-700\" src=\"https:\/\/bet-reel.fr\/wp-content\/uploads\/2018\/04\/sydetom66-300x147.png\" alt=\"\" width=\"300\" height=\"147\" srcset=\"https:\/\/bet-reel.fr\/wp-content\/uploads\/2018\/04\/sydetom66-300x147.png 300w, https:\/\/bet-reel.fr\/wp-content\/uploads\/2018\/04\/sydetom66.png 353w\" sizes=\"auto, (max-width: 300px) 100vw, 300px\" \/><\/strong><\/p>\n<p>Ma\u00eetre d&rsquo;Ouvrage\u00a0: SYDETOM<\/p>\n<p>Mission du BET ELECTRICITE\u00a0: Loi MOP<\/p>\n<p>Ann\u00e9e\u00a0: \u00e9tudes 2017 \/ 2018,<\/p>\n<hr \/>\n<p><strong>Cr\u00e9ation d\u2019une Laverie et mise en conformit\u00e9 \u00e9lectrique, Site ECOCUP, \u00e0 Le Boulou (66)<\/strong><\/p>\n<p>Ma\u00eetre d&rsquo;Ouvrage : ECOCUP<img loading=\"lazy\" decoding=\"async\" class=\"alignright size-thumbnail wp-image-787\" src=\"https:\/\/bet-reel.fr\/wp-content\/uploads\/2023\/11\/Ecocup-150x150.jpg\" alt=\"\" width=\"150\" height=\"150\" \/><\/p>\n<p>Mission : BET ELECTRICITE<\/p>\n<p>Ann\u00e9e : r\u00e9ception ao\u00fbt 2022<\/p>\n<p>Montant estim\u00e9 TCE : 2 000 000 \u20acH.T.<\/p>\n<p>&nbsp;<\/p>\n<hr \/>\n<p>&#8211;<\/p>\n<hr \/>\n<hr \/>\n<p><strong><span style=\"text-decoration: underline; color: #f29400;\">\u00c9TUDES D\u2019EX\u00c9CUTION (EN IND\u00c9PENDANT : BET REEL)<br \/>\n<\/span><\/strong><\/p>\n<hr \/>\n<p><strong>Agencement et Restructuration des locaux de la RTE, Mas Bruno, \u00e0 Perpignan (66)<img loading=\"lazy\" decoding=\"async\" class=\"alignright size-medium wp-image-533\" src=\"https:\/\/bet-reel.fr\/wp-content\/uploads\/2014\/05\/RTE-300x260.png\" alt=\"RTE\" width=\"300\" height=\"260\" srcset=\"https:\/\/bet-reel.fr\/wp-content\/uploads\/2014\/05\/RTE-300x260.png 300w, https:\/\/bet-reel.fr\/wp-content\/uploads\/2014\/05\/RTE-1024x888.png 1024w, https:\/\/bet-reel.fr\/wp-content\/uploads\/2014\/05\/RTE.png 1036w\" sizes=\"auto, (max-width: 300px) 100vw, 300px\" \/><\/strong><\/p>\n<p style=\"text-align: justify;\">\u00a0\u00a0\u00a0\u00a0\u00a0\u00a0\u00a0\u00a0\u00a0\u00a0\u00a0 <span style=\"text-decoration: underline;\">Classement :<\/span> ERT<\/p>\n<p style=\"text-align: justify;\">\u00a0\u00a0\u00a0\u00a0\u00a0\u00a0\u00a0\u00a0\u00a0\u00a0\u00a0 <span style=\"text-decoration: underline;\">Ma\u00eetre d&rsquo;ouvrage\u00a0:<\/span><\/p>\n<p style=\"text-align: justify;\">\u00a0\u00a0\u00a0\u00a0\u00a0\u00a0\u00a0\u00a0\u00a0\u00a0\u00a0 RTE SO GMR LARO, Perpignan (66)<\/p>\n<p style=\"text-align: justify;\">\u00a0\u00a0\u00a0\u00a0\u00a0\u00a0\u00a0\u00a0\u00a0\u00a0\u00a0 <span style=\"text-decoration: underline;\">Ann\u00e9e\u00a0:<\/span> janvier \u00e0 avril 2015,<\/p>\n<p style=\"text-align: justify;\">\u00a0\u00a0\u00a0\u00a0\u00a0\u00a0\u00a0\u00a0\u00a0\u00a0\u00a0 <span style=\"text-decoration: underline;\">Mission du BET ELECTRICITE :<\/span><\/p>\n<p>\u00a0\u00a0\u00a0\u00a0\u00a0\u00a0\u00a0\u00a0\u00a0\u00a0\u00a0 Mission d\u2019EXE pour le compte de<\/p>\n<p style=\"text-align: justify;\">\u00a0\u00a0\u00a0\u00a0\u00a0\u00a0\u00a0\u00a0\u00a0\u00a0\u00a0 CEGELEC Perpignan<\/p>\n<hr \/>\n<hr \/>\n","protected":false},"excerpt":{"rendered":"<p>\u00c9TUDES DE MAITRISE D\u2019\u0152UVRE\u00a0 (EN IND\u00c9PENDANT : BET REEL) Mise en s\u00e9curit\u00e9 (incendie, intrusion &amp; contr\u00f4le d\u2019acc\u00e8s) et mise en accessibilit\u00e9 PMR du site de l\u2019URSSAF \u00e0 Perpignan (66) Ma\u00eetre d&rsquo;Ouvrage\u00a0: URSSAF LANGUEDOC ROUSSILLON Mission du BET ELECTRICITE\u00a0: Loi MOP avec EXE Ann\u00e9e\u00a0: Ann\u00e9e\u00a0: \u00e9tudes 2017, travaux 2017, r\u00e9ception 2018 Construction d\u2019une Ressourcerie pour le [&hellip;]<\/p>\n","protected":false},"author":1,"featured_media":0,"parent":0,"menu_order":0,"comment_status":"closed","ping_status":"closed","template":"","meta":{"footnotes":""},"class_list":["post-69","page","type-page","status-publish","hentry"],"_links":{"self":[{"href":"https:\/\/bet-reel.fr\/index.php?rest_route=\/wp\/v2\/pages\/69","targetHints":{"allow":["GET"]}}],"collection":[{"href":"https:\/\/bet-reel.fr\/index.php?rest_route=\/wp\/v2\/pages"}],"about":[{"href":"https:\/\/bet-reel.fr\/index.php?rest_route=\/wp\/v2\/types\/page"}],"author":[{"embeddable":true,"href":"https:\/\/bet-reel.fr\/index.php?rest_route=\/wp\/v2\/users\/1"}],"replies":[{"embeddable":true,"href":"https:\/\/bet-reel.fr\/index.php?rest_route=%2Fwp%2Fv2%2Fcomments&post=69"}],"version-history":[{"count":35,"href":"https:\/\/bet-reel.fr\/index.php?rest_route=\/wp\/v2\/pages\/69\/revisions"}],"predecessor-version":[{"id":788,"href":"https:\/\/bet-reel.fr\/index.php?rest_route=\/wp\/v2\/pages\/69\/revisions\/788"}],"wp:attachment":[{"href":"https:\/\/bet-reel.fr\/index.php?rest_route=%2Fwp%2Fv2%2Fmedia&parent=69"}],"curies":[{"name":"wp","href":"https:\/\/api.w.org\/{rel}","templated":true}]}}