{"id":769,"date":"2023-11-08T17:56:42","date_gmt":"2023-11-08T16:56:42","guid":{"rendered":"https:\/\/bet-reel.fr\/?page_id=769"},"modified":"2023-11-08T17:56:42","modified_gmt":"2023-11-08T16:56:42","slug":"salles-dexpositions-concession-automobiles-erp-type-t","status":"publish","type":"page","link":"https:\/\/bet-reel.fr\/?page_id=769","title":{"rendered":"SALLES D&rsquo;EXPOSITIONS (Concession automobiles) &#8211; ERP Type T"},"content":{"rendered":"\n<hr class=\"wp-block-separator has-alpha-channel-opacity\"\/>\n\n\n\n<hr class=\"wp-block-separator has-alpha-channel-opacity\"\/>\n\n\n\n<p><strong>\u00c9TUDES DE MAITRISE D\u2019\u0152UVRE&nbsp; (EN IND\u00c9PENDANT : BET REEL)<\/strong><\/p>\n\n\n\n<hr class=\"wp-block-separator has-alpha-channel-opacity\"\/>\n\n\n\n<p><strong>Construction d\u2019une Concession JEEP \u00e0 B\u00e9ziers (34)<\/strong><\/p>\n\n\n\n<p>Classement : ERP de type T de 5<sup>\u00e8me<\/sup> cat\u00e9gorie<\/p>\n\n\n\n<p>Ma\u00eetre d&rsquo;Ouvrage&nbsp;: SCI TORKEY<\/p>\n\n\n\n<p>Architecte : Didier Monetti<\/p>\n\n\n\n<p>Mission : BET ELECTRICITE&nbsp;courants forts et faibles &#8211; mission compl\u00e8te avec suivi et r\u00e9ception de chantier<\/p>\n\n\n\n<p>Ann\u00e9e&nbsp;: Livraison 2023<\/p>\n\n\n\n<p>Montant&nbsp;estimatif des Travaux Tous Corps d\u2019Etat :  1 600 000 \u20ac H.T.<\/p>\n\n\n\n<p><\/p>\n\n\n\n<hr class=\"wp-block-separator has-alpha-channel-opacity\"\/>\n\n\n\n<p><strong>Construction d\u2019une Concession JEEP \u00e0 Narbonne (11)<\/strong><\/p>\n\n\n\n<p>Classement : ERP de type T de 5<sup>\u00e8me<\/sup> cat\u00e9gorie<\/p>\n\n\n\n<p>Ma\u00eetre d&rsquo;Ouvrage&nbsp;: SCI JUNIOR<\/p>\n\n\n\n<p>Architecte : Didier Monetti<\/p>\n\n\n\n<p>Mission : BET ELECTRICITE&nbsp;courants forts et faibles &#8211; mission compl\u00e8te avec suivi et r\u00e9ception de chantier<\/p>\n\n\n\n<p>Ann\u00e9e&nbsp;: Livraison 2023<\/p>\n\n\n\n<p>Montant&nbsp;estimatif des Travaux Tous Corps d\u2019Etat :  1 450 000 \u20ac H.T.<\/p>\n\n\n\n<p><\/p>\n\n\n\n<hr class=\"wp-block-separator has-alpha-channel-opacity\"\/>\n\n\n\n<p><strong>Construction d\u2019une Concession <strong>JEEP \u00e0 Carcassonne (11)<\/strong><\/strong><\/p>\n\n\n\n<p>Classement : ERP de type T de 5<sup>\u00e8me<\/sup> cat\u00e9gorie<\/p>\n\n\n\n<p>Ma\u00eetre d&rsquo;Ouvrage&nbsp;: SCI LUDITO<\/p>\n\n\n\n<p>Architecte : Didier Monetti<\/p>\n\n\n\n<p>Mission : BET ELECTRICITE&nbsp;courants forts et faibles &#8211; mission compl\u00e8te avec suivi et r\u00e9ception de chantier<\/p>\n\n\n\n<p>Ann\u00e9e&nbsp;: Livraison 2023<\/p>\n\n\n\n<p>Montant&nbsp;estimatif des Travaux Tous Corps d\u2019Etat :  700 000 \u20ac H.T.<\/p>\n\n\n\n<p><\/p>\n\n\n\n<hr class=\"wp-block-separator has-alpha-channel-opacity\"\/>\n\n\n\n<p><strong>Construction d\u2019une Concession MERCEDES \u00e0 Pamiers (09)<\/strong><\/p>\n\n\n\n<p>Classement : ERP de type T de 5<sup>\u00e8me<\/sup> cat\u00e9gorie<\/p>\n\n\n\n<p>Ma\u00eetre d&rsquo;Ouvrage&nbsp;: SCI NINE<\/p>\n\n\n\n<p>Architecte : Didier Monetti<\/p>\n\n\n\n<p>Mission : BET ELECTRICITE&nbsp;courants forts et faibles &#8211; mission compl\u00e8te avec suivi et r\u00e9ception de chantier<\/p>\n\n\n\n<p>Ann\u00e9e&nbsp;: Livraison Juillet 2022<\/p>\n\n\n\n<p>Montant&nbsp;estimatif des Travaux Tous Corps d\u2019Etat :  2 000 000 \u20ac H.T.<\/p>\n\n\n\n<hr class=\"wp-block-separator has-alpha-channel-opacity\"\/>\n\n\n\n<p><strong>Construction d\u2019une Concession MERCEDES VO \u00e0 B\u00e9ziers (34)<\/strong><\/p>\n\n\n\n<p>Classement : ERP de type T de 5<sup>\u00e8me<\/sup> cat\u00e9gorie<\/p>\n\n\n\n<p>Ma\u00eetre d&rsquo;Ouvrage&nbsp;: SCI SCATA<\/p>\n\n\n\n<p>Architecte : Didier Monetti<\/p>\n\n\n\n<p>Mission : BET ELECTRICITE&nbsp;courants forts et faibles &#8211; mission compl\u00e8te avec suivi et r\u00e9ception de chantier<\/p>\n\n\n\n<p>Ann\u00e9e&nbsp;: Livraison 2023<\/p>\n\n\n\n<p>Montant&nbsp;estimatif des Travaux Tous Corps d\u2019Etat :  800 000 \u20ac H.T.<\/p>\n\n\n\n<hr class=\"wp-block-separator has-alpha-channel-opacity\"\/>\n\n\n\n<p><strong>Construction d\u2019une Concession <strong>SKODA \u00e0 Perpignan (66)<\/strong><\/strong><\/p>\n\n\n\n<p>Classement : ERP de type T de 5<sup>\u00e8me<\/sup> cat\u00e9gorie<\/p>\n\n\n\n<p>Ma\u00eetre d&rsquo;Ouvrage&nbsp;: SCI SUZI IMMOBILIER<\/p>\n\n\n\n<p>Architecte : Didier Monetti<\/p>\n\n\n\n<p>Mission : BET ELECTRICITE&nbsp;courants forts et faibles &#8211; mission compl\u00e8te avec suivi et r\u00e9ception de chantier<\/p>\n\n\n\n<p>Ann\u00e9e&nbsp;: Livraison septembre 2020<\/p>\n\n\n\n<p>Montant&nbsp;estimatif des Travaux Tous Corps d\u2019Etat :  800 000 \u20ac H.T.<\/p>\n\n\n\n<hr class=\"wp-block-separator has-alpha-channel-opacity\"\/>\n\n\n\n<hr class=\"wp-block-separator has-alpha-channel-opacity\"\/>\n","protected":false},"excerpt":{"rendered":"<p>\u00c9TUDES DE MAITRISE D\u2019\u0152UVRE&nbsp; (EN IND\u00c9PENDANT : BET REEL) Construction d\u2019une Concession JEEP \u00e0 B\u00e9ziers (34) Classement : ERP de type T de 5\u00e8me cat\u00e9gorie Ma\u00eetre d&rsquo;Ouvrage&nbsp;: SCI TORKEY Architecte : Didier Monetti Mission : BET ELECTRICITE&nbsp;courants forts et faibles &#8211; mission compl\u00e8te avec suivi et r\u00e9ception de chantier Ann\u00e9e&nbsp;: Livraison 2023 Montant&nbsp;estimatif des Travaux [&hellip;]<\/p>\n","protected":false},"author":1,"featured_media":0,"parent":0,"menu_order":0,"comment_status":"closed","ping_status":"closed","template":"","meta":{"footnotes":""},"class_list":["post-769","page","type-page","status-publish","hentry"],"_links":{"self":[{"href":"https:\/\/bet-reel.fr\/index.php?rest_route=\/wp\/v2\/pages\/769","targetHints":{"allow":["GET"]}}],"collection":[{"href":"https:\/\/bet-reel.fr\/index.php?rest_route=\/wp\/v2\/pages"}],"about":[{"href":"https:\/\/bet-reel.fr\/index.php?rest_route=\/wp\/v2\/types\/page"}],"author":[{"embeddable":true,"href":"https:\/\/bet-reel.fr\/index.php?rest_route=\/wp\/v2\/users\/1"}],"replies":[{"embeddable":true,"href":"https:\/\/bet-reel.fr\/index.php?rest_route=%2Fwp%2Fv2%2Fcomments&post=769"}],"version-history":[{"count":4,"href":"https:\/\/bet-reel.fr\/index.php?rest_route=\/wp\/v2\/pages\/769\/revisions"}],"predecessor-version":[{"id":774,"href":"https:\/\/bet-reel.fr\/index.php?rest_route=\/wp\/v2\/pages\/769\/revisions\/774"}],"wp:attachment":[{"href":"https:\/\/bet-reel.fr\/index.php?rest_route=%2Fwp%2Fv2%2Fmedia&parent=769"}],"curies":[{"name":"wp","href":"https:\/\/api.w.org\/{rel}","templated":true}]}}