{"id":88,"date":"2014-05-11T21:38:54","date_gmt":"2014-05-11T21:38:54","guid":{"rendered":"http:\/\/bet-reel.fr\/?page_id=88"},"modified":"2023-11-08T18:35:59","modified_gmt":"2023-11-08T17:35:59","slug":"etablissements-culturels_erp-type-l-type-s","status":"publish","type":"page","link":"https:\/\/bet-reel.fr\/?page_id=88","title":{"rendered":"CULTUREL &#8211; ERP type L &#038; S"},"content":{"rendered":"<hr \/>\n<hr \/>\n<p><strong><span style=\"text-decoration: underline; color: #f29400;\">\u00c9TUDES DE MAITRISE D\u2019\u0152UVRE (EN IND\u00c9PENDANT : BET REEL)<\/span><\/strong><\/p>\n<hr \/>\n<p><strong>R\u00e9habilitation du b\u00e2timen<\/strong><strong>t \u00ab EL PALAU \u00bb \u00e0 Arles Sur Tech (66)<\/strong><\/p>\n<p>Classement : ERP de type L et M de 5<sup>\u00e8me<\/sup> cat\u00e9gorie<img loading=\"lazy\" decoding=\"async\" class=\"wp-image-778 size-thumbnail alignright\" src=\"https:\/\/bet-reel.fr\/wp-content\/uploads\/2023\/11\/Le-Palau-Arles-sur-Tech-150x150.jpg\" alt=\"\" width=\"150\" height=\"150\" \/><\/p>\n<p>Ma\u00eetre d&rsquo;Ouvrage : Commune d&rsquo;Arles-sur-Tech (66)<\/p>\n<p>Mission : BET ELECTRICITE courants forts et faibles<\/p>\n<p>Ann\u00e9e : R\u00e9ception travaux 2021<\/p>\n<hr \/>\n<p><strong>R\u00e9habilitation d\u2019un Foyer de campagne \u00e0 Peyriac de Mer (11)<\/strong><\/p>\n<p>Classement\u00a0: ERP de type L de 4<sup>\u00e8me<\/sup> cat\u00e9gorie<\/p>\n<p>Ma\u00eetre d&rsquo;Ouvrage\u00a0: Commune de Peyriac de Mer<\/p>\n<p>Mission du BET ELECTRICITE\u00a0: Loi MOP (en sous-traitance pour le Bureau d\u2019\u00e9tudes CAPSUN \u00e0 Perpignan)<\/p>\n<p>Ann\u00e9e\u00a0: \u00e9tudes 2017, R\u00e9ception travaux 2018<\/p>\n<hr \/>\n<hr \/>\n","protected":false},"excerpt":{"rendered":"<p>\u00c9TUDES DE MAITRISE D\u2019\u0152UVRE (EN IND\u00c9PENDANT : BET REEL) R\u00e9habilitation du b\u00e2timent \u00ab EL PALAU \u00bb \u00e0 Arles Sur Tech (66) Classement : ERP de type L et M de 5\u00e8me cat\u00e9gorie Ma\u00eetre d&rsquo;Ouvrage : Commune d&rsquo;Arles-sur-Tech (66) Mission : BET ELECTRICITE courants forts et faibles Ann\u00e9e : R\u00e9ception travaux 2021 R\u00e9habilitation d\u2019un Foyer de [&hellip;]<\/p>\n","protected":false},"author":1,"featured_media":0,"parent":0,"menu_order":0,"comment_status":"closed","ping_status":"closed","template":"","meta":{"footnotes":""},"class_list":["post-88","page","type-page","status-publish","hentry"],"_links":{"self":[{"href":"https:\/\/bet-reel.fr\/index.php?rest_route=\/wp\/v2\/pages\/88","targetHints":{"allow":["GET"]}}],"collection":[{"href":"https:\/\/bet-reel.fr\/index.php?rest_route=\/wp\/v2\/pages"}],"about":[{"href":"https:\/\/bet-reel.fr\/index.php?rest_route=\/wp\/v2\/types\/page"}],"author":[{"embeddable":true,"href":"https:\/\/bet-reel.fr\/index.php?rest_route=\/wp\/v2\/users\/1"}],"replies":[{"embeddable":true,"href":"https:\/\/bet-reel.fr\/index.php?rest_route=%2Fwp%2Fv2%2Fcomments&post=88"}],"version-history":[{"count":27,"href":"https:\/\/bet-reel.fr\/index.php?rest_route=\/wp\/v2\/pages\/88\/revisions"}],"predecessor-version":[{"id":780,"href":"https:\/\/bet-reel.fr\/index.php?rest_route=\/wp\/v2\/pages\/88\/revisions\/780"}],"wp:attachment":[{"href":"https:\/\/bet-reel.fr\/index.php?rest_route=%2Fwp%2Fv2%2Fmedia&parent=88"}],"curies":[{"name":"wp","href":"https:\/\/api.w.org\/{rel}","templated":true}]}}